mon factor of l and 27.
9
Let v be -2*(-2)/(-8) + 11713/26. Suppose i + 3*x = -0*i + 90, 0 = 5*i + 5*x - v. What is the greatest common factor of i and 18?
18
Suppose -1 = u - 2. Let d(c) = c**3 - 4*c**2 + 4*c - 5. Let g be d(4). Calculate the greatest common factor of g and u.
1
Let l = 426 - 234. What is the greatest common factor of 48 and l?
48
Let d(v) = -7*v**3 - 4*v**2 + 2*v + 10. Let q be d(-2). Calculate the greatest common factor of 1564 and q.
46
Suppose -111*h + 119*h = 3136. What is the greatest common divisor of h and 49?
49
Let b(p) be the third derivative of -p**6/120 + 4*p**5/15 - 13*p**4/24 - 2*p**3 + 20*p**2. Let w be b(15). What is the greatest common factor of 54 and w?
18
Let m = 22 + -22. Suppose 0 = 3*j - 2*v - 42, 2*j - 33 = 3*v - m*v. Calculate the greatest common divisor of j and 12.
12
Let q(g) = -2*g**2 + 28*g - 24. Let f be q(11). Calculate the greatest common divisor of f and 14.
14
Suppose -91*w = -84*w - 70. Calculate the greatest common factor of w and 30.
10
Let h be (-21)/(-63)*408/2. Let q = h + -44. Calculate the greatest common factor of q and 8.
8
Let l(x) = 9*x - 3. Let a be l(2). Let n(c) = c**2 - 13*c + 75. Let v be n(0). Calculate the greatest common factor of a and v.
15
Suppose -y - 23 = 4. Let k be (-126)/y - (-2)/6. Let z(a) = 2*a**2 - 7*a + 3. Let c be z(k). What is the highest common factor of 18 and c?
18
Let r be 10/15*87/2. What is the highest common divisor of 290 and r?
29
Let f be ((-12)/(-10))/(3/30). Let m(u) = 4*u - 12. Let j be m(5). Calculate the greatest common divisor of f and j.
4
Suppose 49*t = 6*t + 1075. Calculate the greatest common divisor of t and 775.
25
Suppose -15*u = 319 - 424. What is the greatest common divisor of 14 and u?
7
Let i(n) = -2*n**2 - 6*n + 150. Let f be i(0). What is the greatest common factor of f and 930?
30
Let b(o) = 9*o - 13. Let u = -49 - -54. Let t be b(u). What is the greatest common divisor of t and 24?
8
Suppose -4*m - 3*j + 44 = 0, -2*m + 0*m + 5*j + 22 = 0. What is the highest common factor of 2 and m?
1
Let q(u) = -17*u**3 - 6*u**3 - 13 + 12. Let j be q(-1). Suppose -2*v = 5*s - 55, -44 = s - 5*s + 2*v. Calculate the greatest common divisor of j and s.
11
Suppose 4 = -2*m - 2*m. Let r be -8*(-2 - m)*2. Suppose 2*k + r = f, -5*k = 4*f - 9 - 3. Calculate the highest common factor of f and 56.
8
Suppose x = -5*x + 360. Calculate the highest common factor of 48 and x.
12
Let o be (0 - -1*1)*-42. Let g = -662 + 650. Let y be g/o + (-52)/(-14). What is the greatest common factor of 8 and y?
4
Let r be (-995)/(-7) - 474/(-553). What is the greatest common factor of r and 110?
11
Suppose 304 = 13*a + 83. What is the greatest common factor of a and 544?
17
Let n = 243 - 231. Suppose 3 = h - 0*h. Calculate the greatest common factor of h and n.
3
Suppose 3*q = -r + 6*r + 8, -5*q = -3*r - 24. Let z be (15 - -1)*q/12. Calculate the greatest common divisor of 56 and z.
8
Let j(p) = 3*p**2 - 14*p - 517. Let v be j(-20). What is the greatest common divisor of v and 107?
107
Suppose 0 = 4*z + 3*j - 440, 10*z - 14*z + 440 = -5*j. Suppose x + 1 = y - 14, 37 = 3*y - x. What is the highest common factor of y and z?
11
Let n = -247 - -238. Suppose 2*v + 0 + 10 = 0. Let d = v - n. What is the greatest common divisor of 8 and d?
4
Let v(d) = -d**3 - 58*d**2 - 65*d - 68. Let g be v(-57). What is the greatest common divisor of 679 and g?
97
Let r = 19 + -6. Let q be 453/r + (-44)/(-286). Suppose -1 + 6 = l. What is the highest common factor of l and q?
5
Let k = 14 + 8. Let s be 92/k - (-8)/(-44). Let v(a) = -a**3 + 5*a**2 - 4*a + 3. Let r be v(s). Calculate the greatest common divisor of r and 6.
3
Let j(a) = 3*a**2 - 14*a - 202. Let z be j(-11). What is the highest common divisor of z and 245?
35
Suppose 57*x + 11*x = 4352. What is the greatest common divisor of 3008 and x?
64
Suppose -i = 2*a + 203, -i - 531 = 5*a - 31. Let l = 184 + a. What is the greatest common divisor of l and 17?
17
Let a(x) = -x**2 - 35*x - 20. Let p be a(-33). What is the greatest common factor of p and 161?
23
Let i(w) = w**2 - 25*w + 32. Let p be i(24). Calculate the highest common divisor of 8 and p.
8
Suppose 0 = 4*h - t - 218, -208 = -4*h - 3*t - t. Calculate the greatest common divisor of h and 144.
18
Suppose -14*b - 118 = -608. What is the greatest common divisor of b and 245?
35
Let h(c) = -76*c - 1584. Let i be h(-21). What is the greatest common divisor of i and 282?
6
Suppose 37*b = 36*b - 5*k + 490, -4*b + 5*k + 1885 = 0. Calculate the highest common factor of b and 100.
25
Let i(h) = 213*h - 448. Let v be i(7). What is the greatest common divisor of 14 and v?
7
Let k be 11 + -5 + 4 + 0 + 6. Calculate the highest common factor of 64 and k.
16
Let c be 3*(-2)/3*-23. Let d be 46 + (9 - (-90)/(-10)). What is the greatest common divisor of c and d?
46
Suppose 5 = x - 3*o, -4*x + o = -3*o + 20. Let n(t) = -t**2 - 11*t + 30. Let w be n(x). What is the highest common factor of 30 and w?
10
Suppose 0 = -s + 4*x + 12, -4 - 6 = -3*s - x. What is the greatest common divisor of s and 68?
4
Suppose -2*g - j = 2 - 7, 10 = 5*g + 5*j. Suppose 0 = -g*v - 4*v + 98. Calculate the greatest common factor of 14 and v.
14
Let t(a) = 6*a**3 + a - 2. Let f be t(1). Suppose -162 = f*l - 7*l. Suppose 0*g - 36 = -4*g. What is the greatest common divisor of l and g?
9
Let m = -535 + 621. Calculate the highest common factor of m and 2.
2
Let h be 1 + 3 + 1 - -2. Let p(q) = -q**2 + 8*q + 2. Let v be p(h). What is the greatest common factor of v and 81?
9
Let z(l) = -l**3 - 5*l**2 + 45*l + 250. Let v be z(-7). Let a = -5 - 32. Let r = a - -70. What is the greatest common divisor of v and r?
33
Let a = -598 + 659. Calculate the highest common factor of 122 and a.
61
Suppose -3*k + 2 + 1 = 0. Suppose 26 = 2*s - 16. Let u be (-36)/s*14/(-3). What is the highest common divisor of u and k?
1
Suppose 0*i + 5*i = -3*t + 75, 5*t + 25 = 0. Suppose 3*k - 22 = 5. Calculate the highest common divisor of i and k.
9
Suppose 714*x + 750 = 719*x. Calculate the greatest common factor of 190 and x.
10
Let z(k) = k**2 + 13*k + 37. Let q be z(-4). What is the greatest common factor of q and 1?
1
Let s = -304 + 335. Calculate the highest common factor of s and 248.
31
Let s be 8/(0 + (-2)/(-3)). Suppose -15 = -l - 52*v + 47*v, 4*v + 12 = 4*l. Suppose -l*j = -j - s. What is the highest common factor of j and 2?
1
Let h be 1 + 3 + (-4)/(-4). Suppose -3*v + 1 = -h. Suppose 4*s + 1 = 5. What is the highest common factor of s and v?
1
Suppose 3*n - 3 = 0, -4*n - 99 = -2*x + 527. Let p be ((-540)/x)/(2/(-7) - 0). Calculate the greatest common factor of 6 and p.
6
Let g = 1181 + -961. What is the highest common factor of g and 100?
20
Suppose -84*o = 10*o - 282. Suppose -y = -29 + 5. Let v be ((-22)/(-8))/(2/y). Calculate the greatest common factor of v and o.
3
Suppose 34*x - 32*x - 48 = 0. Let t be ((-8)/(-16))/((-1)/(-528)). Calculate the highest common divisor of t and x.
24
Suppose 3*v - 2408 = -4*o, -4*o = -2*v + 1896 - 284. Calculate the greatest common factor of 24 and v.
12
Let j be 4/16*(-6 - -2). Let c be ((-28)/j)/4 + 1. Suppose -3*y + y + 16 = 0. Calculate the greatest common factor of y and c.
8
Let h(c) = c**2 + 3*c. Let d be h(-4). Suppose -3*j = 1 - d. What is the greatest common divisor of 4 and j?
1
Let l = -319 + 322. Let q(g) = 8*g**3 - g**2 - g + 1. Let s be q(1). Let t(r) = r - 6. Let o be t(s). Calculate the greatest common factor of o and l.
1
Suppose b - 9 = -q + 3*b, -4*b = 8. Suppose -q*u + 220 = -4*v, -275 = -4*u - 4*v - 63. Let w = u + -9. Calculate the greatest common factor of w and 13.
13
Let g = 57 - 25. Let c be (13 - 11) + 12/10*5. Calculate the highest common factor of g and c.
8
Suppose 3*v - 1 - 14 = 0, 14 = h + 3*v. Let a be (-5 - -6)*(h + 3). Suppose -4*d = -a*d - 230. Calculate the greatest common divisor of d and 46.
23
Suppose 9*j + j = 940. Calculate the greatest common factor of 2 and j.
2
Let f(w) = w + 33. Let m be f(0). Suppose 2 = -2*h, -2*z - 3*h + 27 = -36. What is the highest common factor of m and z?
33
Suppose 2*r = -r - 12, y = -3*r - 18. Let q be (y/(-9))/(1/24). What is the highest common divisor of 24 and q?
8
Suppose 2*n - 14 = l, 3*l = -0*l. Let j(r) = n*r**3 - 4*r**3 + 21